et c(q) = -q + 31. Give c(20).
11
Let o(b) = -b**2 + 20*b - 14. Calculate o(15).
61
Let f(s) = -s + 7. Determine f(-8).
15
Let r(d) = -4*d - 25. What is r(-6)?
-1
Let v(y) = -2*y**2 - 97*y - 137. Determine v(-47).
4
Let w(g) = 9*g - 67. Give w(7).
-4
Let y(l) = l**3 - 6*l**2 + 8*l + 7. Determine y(4).
7
Let l(w) = 3*w - 9. What is l(7)?
12
Let n(s) = -s**2 + 2*s - 35. Determine n(0).
-35
Let x(n) = -n**2 - 29*n + 136. Determine x(-33).
4
Let c(s) = -s**2 - s - 4. Give c(-2).
-6
Let q(t) = t**3 + 2*t**2 - 9*t - 2. Determine q(-4).
2
Let h(p) = 2*p**3 + 24*p**2 + 14*p - 88. Determine h(-11).
0
Let k(v) = v**3 - 6*v**2 + 4*v - 10. Calculate k(5).
-15
Let t(z) = -z**3 - 3*z**2 + z + 3. Give t(2).
-15
Let g(l) = -2*l**2 - 21*l + 15. What is g(-10)?
25
Let f(n) = -n**3 + 4*n**2 + 8*n + 5. Determine f(6).
-19
Let l(v) = -2*v**3 + 5*v**2 - 4*v - 11. Determine l(6).
-287
Let t(p) = 2*p**2 - 16*p + 11. Calculate t(8).
11
Let j(p) = -32*p. Determine j(1).
-32
Let h(x) = x**2 + 4*x - 4. Give h(-5).
1
Let r(h) = -2*h**3 - 4*h**2 + 5*h. Determine r(2).
-22
Let o(f) = -f**2 + 31*f - 246. What is o(14)?
-8
Let l(t) = -t**2 + 3*t - 3. Determine l(3).
-3
Let w(y) = -y + 8. Calculate w(18).
-10
Let f(j) = -24*j**2. What is f(-1)?
-24
Let p(j) = j**3 - 3*j**2 - 19*j + 14. Determine p(6).
8
Let m(p) = 5*p + 13. Give m(-9).
-32
Let m(j) = -j + 10. Determine m(4).
6
Let y(q) = -2*q**3 + q**2 + 4*q. Calculate y(-3).
51
Let f(z) = -2*z**3 - z**2 - 6*z - 6. Determine f(-1).
1
Let c(o) = -o**3 + 9*o**2 - 8*o - 10. Determine c(8).
-10
Let c(v) = 2*v**3 - 7*v + 14. Determine c(4).
114
Let m(l) = 6*l + 7. Give m(-6).
-29
Let k(b) = b**3 + 4*b**2 + b + 3. Give k(-4).
-1
Let l(c) = -c**3 - c**2 + 3*c - 2. Determine l(-3).
7
Let x(m) = -3*m**3 + m**2 + 2*m. What is x(3)?
-66
Let l(y) = y**2 + 7*y - 4. Give l(-7).
-4
Let y(r) = r**3 - 13*r**2 - 12*r + 18. Give y(14).
46
Let r(d) = d**3 + 4*d**2 + 5*d - 9. Give r(-4).
-29
Let a(h) = -h**3 - 3*h**2 + 2*h - 4. Give a(-4).
4
Let l(x) = -x**3 - 6*x**2 + x + 2. Determine l(-6).
-4
Let h(x) = -x**3 + 52*x**2 - 48*x - 159. Determine h(51).
-6
Let y(v) = v**3 - 22*v**2 + v - 29. Calculate y(22).
-7
Let w(v) = 2*v**2 - 19*v + 12. What is w(9)?
3
Let n(q) = -13*q**3 - q. Give n(-1).
14
Let h(b) = -2*b**2 + 37*b + 53. Determine h(20).
-7
Let o(v) = v**3 + 8*v**2 + 6*v - 8. What is o(-7)?
-1
Let a(f) = -f**3 + 17*f**2 - 16*f + 3. Determine a(16).
3
Let j(l) = 27*l - 2. Give j(-1).
-29
Let v(m) = -m**2 - 24*m - 68. Calculate v(-20).
12
Let c(n) = n**2 + 8*n + 5. Determine c(-6).
-7
Let u(m) = 13*m**2 + 2*m - 6. Determine u(-3).
105
Let d(t) = -2*t**2 - t + 41. Calculate d(-8).
-79
Let l(i) = i**3 + 11*i**2 - 3*i - 16. Give l(-12).
-124
Let k(z) = -2*z + 6. Give k(-4).
14
Let p(b) = 4*b - 53. Calculate p(13).
-1
Let d(l) = 47*l + 484. Give d(-10).
14
Let u(o) = 12*o - 1. What is u(1)?
11
Let f(p) = -p**2 + p - 1. Calculate f(5).
-21
Let n(z) = 2*z - 17. Calculate n(-8).
-33
Let m(j) = -2*j**2 - j + 6. Give m(-5).
-39
Let o(j) = j - 2. Calculate o(11).
9
Let k(v) = 12*v + 86. Determine k(-7).
2
Let l(d) = -d**2 - 6*d - 4. What is l(-7)?
-11
Let k(n) = -n**3 - 2*n**2 - n - 8. Determine k(0).
-8
Let x(v) = 4*v - 57. Calculate x(17).
11
Let x(n) = -5*n + 112. What is x(21)?
7
Let d(b) = b - 5. Give d(-4).
-9
Let w(t) = -t**3 - 11*t**2 - 8*t + 22. Calculate w(-10).
2
Let f(g) = -4*g**2 - 13*g + 5. What is f(-6)?
-61
Let b(m) = 7*m - 3. Calculate b(2).
11
Let n(c) = c**2 + 13*c - 4. What is n(-9)?
-40
Let m(t) = t**3 + 9*t**2 - 2*t + 16. Give m(-9).
34
Let z(o) = o**3 - 7*o**2 + 8*o - 21. Give z(4).
-37
Let t(b) = -3*b**2 + 7*b - 7. Give t(2).
-5
Let s(m) = -3*m + 21. Give s(7).
0
Let v(s) = 9*s + 4. Determine v(0).
4
Let c(n) = n + 2. Give c(2).
4
Let u(p) = -2*p**2 - 7. Determine u(5).
-57
Let o(u) = -7*u + 22. Calculate o(6).
-20
Let f(y) = -2*y - 3. Calculate f(3).
-9
Let w(r) = 21*r - 4. Give w(-5).
-109
Let i(p) = 3*p**3 - 4*p**2 + 8. What is i(4)?
136
Let x(o) = o**2 - 3*o + 2. Calculate x(6).
20
Let g(l) = l**2 - 39*l - 96. Calculate g(41).
-14
Let h(r) = 30*r**3. Give h(1).
30
Let p(w) = 2*w + 6. Calculate p(-10).
-14
Let f(c) = c**3 - 6*c**2 - 10*c + 28. What is f(7)?
7
Let a(x) = 10*x + 44. What is a(-4)?
4
Let v(g) = g**3 - g**2 - 3*g + 1. Give v(2).
-1
Let l(x) = -x**3 - 24*x**2 + 19*x - 152. Determine l(-25).
-2
Let y(n) = 14*n**2 + 16*n + 1. What is y(2)?
89
Let w(b) = -8*b + 3. Determine w(0).
3
Let l(w) = -27*w - 5. Calculate l(-4).
103
Let w(u) = -u**3 - 4*u**2 - 3*u. What is w(-2)?
-2
Let p(a) = a**2 - 9*a - 2. Determine p(9).
-2
Let r(c) = 7*c**2 + c + 1. Give r(-1).
7
Let h(w) = 3*w**3 - 2*w - 2. What is h(-1)?
-3
Let r(n) = n**2 - 144*n + 285. Calculate r(2).
1
Let j(s) = s**3 + 17*s**2 + 26*s + 34. Determine j(-15).
94
Let a(l) = 47*l - 102. Determine a(2).
-8
Let s(b) = 2*b**2 + 7. Give s(5).
57
Let r(j) = j**3 + 19*j**2 + 5*j + 45. Determine r(-19).
-50
Let b(s) = 22*s + 100. Calculate b(-3).
34
Let m(z) = -z**3 + 12*z**2 + 12*z - 8. What is m(13)?
-21
Let b(a) = -a**2 + 14*a - 5. What is b(11)?
28
Let p(t) = -4*t**2 - 4*t - 3. Determine p(-2).
-11
Let b(z) = 8*z**3 + 2*z**2 + z. Give b(-1).
-7
Let c(w) = -w - 5. Give c(20).
-25
Let t(o) = -241*o + 1927. Calculate t(8).
-1
Let g(j) = -j**3 + 4*j**2 + 7*j - 10. What is g(4)?
18
Let b(c) = 14*c + 86. Determine b(-7).
-12
Let b(w) = -3*w - 9. Determine b(8).
-33
Let j(r) = -r. Give j(6).
-6
Let u(c) = -3*c**2 + 104*c + 55. What is u(35)?
20
Let w(s) = 7*s - 2. What is w(2)?
12
Let i(v) = -12*v + 4. Give i(-5).
64
Let c(k) = 8*k + 6. What is c(-1)?
-2
Let v(m) = -48*m. What is v(-1)?
48
Let y(w) = w**3 + 3*w**2 - 7. Determine y(-5).
-57
Let y(n) = 13*n**3 - 3*n**2 + 2*n. Calculate y(1).
12
Let j(p) = 2*p + 22. Calculate j(-9).
4
Let a(n) = -30*n - 15. Give a(-2).
45
Let p(f) = -f**3 - 2*f**2 + 8*f + 2. Determine p(-4).
2
Let k(y) = -6*y + 66. What is k(12)?
-6
Let u(r) = -5*r**3 - 2*r**2 - 3*r + 3. Determine u(-3).
129
Let n(m) = -28*m - 66. Determine n(-3).
18
Let l(x) = -3*x**2 - x - 6. What is l(-3)?
-30
Let n(o) = o**3 + 4*o**2 - 9*o. Give n(-5).
20
Let m(c) = -c**3 + c**2 + 2*c + 12. Give m(-4).
84
Let j(a) = -a - 6. Calculate j(4).
-10
Let b(i) = i**2 - 6*i - 6. Calculate b(-4).
34
Let c(r) = -2*r**2 + 8*r + 52. What is c(-4)?
-12
Let g(y) = y**3 + 7*y**2 + 3*y + 2. Give g(-5).
37
Let f(k) = k - 9. What is f(5)?
-4
Let p(q) = -2*q**2 - 9*q - 13. Calculate p(-7).
-48
Let m(t) = t**3 - t**2 + 8. Determine m(4).
56
Let c(k) = k**3 - 5*k**2 - 5*k - 7. Determine c(6).
-1
Let a(m) = 5*m + 11. Give a(-4).
-9
Let q(m) = m - 21. Give q(0).
-21
Let s(q) = -2*q**2 + 19*q - 37. Determine s(7).
-2
Let n(f) = f**3 + 16*f**2 + 28*f + 30. What is n(-14)?
30
Let a(b) = 4*b - 14. Give a(-5).
-34
Let v(g) = g**2 + 4*g. Give v(-6).
12
Let d(q) = 15*q - 32. Give d(3).
13
Let n(o) = 3*o - 22. What is n(10)?
8
Let i(j) = -j**2 - 6*j + 65. Give i(-11).
10
Let r(g) = 5*g + 9. Calculate r(-5).
-16
Let j(m) = 2*m**2 + 9*m - 8. Calculate j(-5).
-3
Let f(z) = 4*z + 5. What is f(4)?
21
Let j(f) = f**3 + 11*f**2 - 43*f + 12. Give j(-14).
26
Let b(t) = -33*t + 134. Determine b(3).
35
Let h(x) = x**3 - 17*x**2 - 18*x + 6. Determine h(18).
6
Let q(j) = -j + 10. Determine q(12).
-2
Let j(g) = -5*g - 16. Determine j(-4).
4
Let k(y) = y**2 + 25*y + 98. Give k(-14).
-56
Let w(r) = -r**2 - 4*r + 19. Determine w(-8).
-13
Let o(w) = -w**2 + 4*w + 35. Determine o(9).
-10
Let i(v) = v**2 + 21*v + 85. Determine i(-19).
47
Let t(x) = 5*x + 12. Calculate t(4).
32
Let s(q) = -4*q**2 + 57*q - 30. Determine s(13).
35
Let w(s) = 2*s**2 - 9*s + 1. Determine w(5).
6
Let c(u) = -15*u + 119. Determine c(7).
14
Let n(l) = -l + 25. Calculate n(-19).
44
Let p(o) = o**2 + 11*o + 3. Determine p(-10).
-7
Let c(g) = g**3 - 4*g**2 - 4*g + 22. Calculate c(3).
1
Let b(p) = 2*p**3 + 5*p**2 - 3*p - 5. Calculate b(-2).
5
Let h(i) = -i**3 + 2*i - 1. What is h(-2)?
3
Let h(d) = -d**3 + 9*d**2 - 2*d + 6. Determine h(9).
-12
Let h(v) = v**3 + 7*v**2 + v + 1. Give h(-3).
34
Let g(u) = u**3 + 17*u**2 + 18*u + 37. What is g(-16)?
5
Let p(t) = 9*t. What is p(1)?
9
Let s(v) = -v**3 - 6*v**2 - 6*v - 3. What is s(-6)?
33
Let p(w) = w**3 - 6*w**2 + w - 9. Give p(6).
-3
Let r(j) = -j + 16. Determine r(17).
-1
Let r(w) = 11*w + 34. What is r(-3)